inder when k is divided by 20?
19
Suppose 3*w - 38 = b, -4*w + 0*w + 3*b + 59 = 0. What is the remainder when -1 + 12/20 + 107/5 is divided by w?
10
Suppose -5 = b - 18. What is the remainder when b is divided by 8?
5
Let f(k) = -18 + 22 - 2*k + k. Let y = 1 + -1. Calculate the remainder when 10 is divided by f(y).
2
Let s be (-144)/20 + (-2)/(-10). What is the remainder when 3 is divided by 10/7 - 4/s?
1
Suppose v + k + 2 = 0, 2*v - 2*k + 0*k = -4. Calculate the remainder when 56 is divided by (19/v)/(6/(-12)).
18
Suppose 0 = -8*d + 88 + 128. Calculate the remainder when d is divided by (2 - 3)/(1/(-7)).
6
Calculate the remainder when 132 is divided by (-2)/(-8) + 945/28.
30
Suppose 4*g + 6 - 86 = 0. What is the remainder when 37 is divided by g?
17
Let i(g) = -4*g + 3. Let l be i(-7). Suppose f = -2*h + l, -2*h - 107 = -2*f - 3*f. What is the remainder when f is divided by 12?
11
Let p = -1 + 3. Suppose 2 = -3*a + p*g, 2*a + g + 3*g = 20. Calculate the remainder when 9 is divided by a.
1
Let a = 2 + 0. Let h = -5 - -8. Suppose -4*d - h*r = -17, 3*d + r = 9 - 0. What is the remainder when d is divided by a?
0
Suppose -8*n = -2*x - 5*n + 165, -4*x + 3*n = -321. What is the remainder when x is divided by 1/(-3) - (-61)/3?
18
Let s be 2*(-2 - (-51)/6). Suppose -2*r = -13 + 3, s = 3*i + 2*r. Calculate the remainder when i is divided by 1.
0
Suppose 3*k = -0*k + 114. Suppose l - k = m, -153 = -l - 3*l + 5*m. What is the remainder when l is divided by 13?
11
Suppose 0*p + p + 2*f - 7 = 0, 105 = 5*p - 4*f. Let w(y) = -6*y + 42*y**2 - 40*y**2 - 2 - 4. What is the remainder when w(-4) is divided by p?
16
Suppose -8 - 144 = -5*r - 2*p, -2*r + 2*p = -58. Suppose -130 = -5*i - r. What is the remainder when i is divided by (-13)/(-2) + 3/6?
6
Let h(d) = -6 - d**3 - 2*d**3 + 0*d**3 + 6*d. Let b(k) = -2*k**3 + 5*k - 5. Let p(t) = 4*b(t) - 3*h(t). Calculate the remainder when p(3) is divided by 16.
15
Let g = -46 - -62. Calculate the remainder when 2 + (61 - (3 + -2)) is divided by g.
14
Suppose 11*j - 7*j + 21 = m, -24 = -2*m - j. Calculate the remainder when 38 is divided by m.
12
Let k(f) = 2*f. Let n be k(4). Let z(a) = -a**3 + 9*a**2 - 4*a + 10. Calculate the remainder when z(n) is divided by 22.
20
Let m(x) = 3*x - 20. What is the remainder when 48 is divided by m(10)?
8
Let r be (-6)/2*(-58)/3. Suppose r = 4*q - b, 0 = b - 2. Suppose m - 31 = 13. What is the remainder when m is divided by q?
14
Let j(b) = 2*b - 9. Let a be j(7). Suppose -a*u = -6*u. What is the remainder when 1 - (u + -2*17) is divided by 9?
8
Suppose -7 - 5 = 2*u. Let t(y) = y**2 + y + 4. Let z = -22 + 34. Calculate the remainder when t(u) is divided by z.
10
Suppose -13 = -4*g + m, 3*m + 1 = -2*g - 10. What is the remainder when 1 - 1 - (0 - 5) is divided by g?
1
Let t = -45 - -86. What is the remainder when t is divided by 0 + -1 + 14 - -1?
13
Let i(l) = -l**3 + 8*l**2 - 6*l + 9. Calculate the remainder when (-1 - 2)*138/(-9) is divided by i(7).
14
Let a(w) = -w**2 + w - 2. Let l be a(0). Calculate the remainder when 1 is divided by 0/(1 - l) - -1.
0
Let s = 20 - 14. What is the remainder when 42/4 - (-1)/(-2) is divided by s?
4
Let d = -110 - -161. What is the remainder when d is divided by 18?
15
Let x = 6 + -2. What is the remainder when 4 is divided by x?
0
Let a(x) = -3*x + 3. Suppose 3*m = k - 27, 2*k + 3*m - 14 = -m. What is the remainder when a(-8) is divided by k?
12
Suppose -3*d = -5*h + 31 - 10, 2*d = h - 7. What is the remainder when (0 + d)/(4/(-20)) is divided by 6?
4
Let h(i) = -i**3 + i + 1. Let r be -2 + -6*2/(-3). Let x = r + -4. What is the remainder when 19 is divided by h(x)?
5
Suppose 13*z = -56 + 355. What is the remainder when 90 is divided by z?
21
Let t(o) = o**3 - 14*o**2 - 12*o - 30. What is the remainder when t(15) is divided by 3?
0
Suppose z - 6*z + 40 = 0. What is the remainder when 31 is divided by z?
7
Suppose r + 0 = -2*p + 10, -4*r - 5*p + 40 = 0. Calculate the remainder when r is divided by 4.
2
Let r be 2/5 + 8/5. Suppose o = -r*o + 12. Suppose -16 + 4 = -o*p. What is the remainder when 5 is divided by p?
2
Let t be 12/42 + (-82)/(-7). Suppose 0 = -4*s + 44 + t. Calculate the remainder when 26 is divided by s.
12
Suppose 4*n - 3*n - 1 = 0. Let k be (3 + 1)*8 + n. Suppose -9 = j - k. Calculate the remainder when j is divided by 9.
6
Let g be (5/3)/(3/18). Suppose -3*y + 41 = o, 3*y + 1 + g = o. What is the remainder when o is divided by 9?
8
Let w(a) = a**3 - 2*a**2 + 2*a - 3. Let j be w(2). Let v(f) = 16*f**3 - 1. What is the remainder when v(1) is divided by (-2 + j)*-1*8?
7
Let a = -5 - -2. What is the remainder when (a/1)/(3/(-28)) is divided by 10?
8
Suppose -2*s = -0*s - 210. Suppose n + 13 = -2*a + 49, s = 3*n + 3*a. Suppose -2*u + n = 8. What is the remainder when 38 is divided by u?
12
Let l(x) = -x**2 - 5*x - 9. Let s(r) = r. Let f(g) = -l(g) + 4*s(g). Calculate the remainder when 74 is divided by f(-10).
17
Let c be ((-24)/(-36))/((-2)/48). Let w = c - -23. What is the remainder when 12 + (-1 + 2)*1 is divided by w?
6
Let a(b) = b**3 + 29*b**2 + 26*b - 26. What is the remainder when a(-28) is divided by 23?
7
Suppose 11 = 5*c - 4. What is the remainder when 9 is divided by c?
0
Suppose -3*x = -x - 2. What is the remainder when 28 is divided by (44/(-11))/(x/(-2))?
4
Let r(j) = j**3 + 10*j**2 + 5*j + 5. Let l be r(-10). Let p = l - -139. Calculate the remainder when p is divided by 24.
22
Let j be 3/(-3*1)*-4. Let v(u) = -2*u + j*u - u + u**2 + 0 - 1. Calculate the remainder when v(2) is divided by 3.
2
Let m(q) = -10*q**2 + 13*q + 8. Let h(g) = -3*g**2 + 4*g + 3. Let k(v) = -7*h(v) + 2*m(v). Calculate the remainder when 5 is divided by k(4).
2
Let j = -13 - -4. Let n be -2 + 0 + -1 + -13. Let z = j - n. Calculate the remainder when z is divided by 5.
2
Suppose -5*h = -10, -2 + 32 = 5*q + 5*h. Let b(v) = 13*v - 2. What is the remainder when b(1) is divided by q?
3
Suppose 129 = 3*y + 12. What is the remainder when y is divided by 8?
7
Let p(u) = 2*u**2 - 6*u - 17. What is the remainder when 52 is divided by p(-3)?
14
Let a = -90 - -137. Calculate the remainder when a is divided by 17.
13
Let u(v) be the second derivative of v**4/12 + v**3/3 + 3*v**2/2 - v. Let g be (48/(-40))/((-2)/(-5)). What is the remainder when 11 is divided by u(g)?
5
Suppose -i = -0*i. Suppose -4*l + 17 + 55 = i. Calculate the remainder when l is divided by 10.
8
Let m be ((-2)/6)/(4/36). Let f = 13 + m. Suppose 4*l + d - 50 = -l, 2*d + f = 0. Calculate the remainder when l is divided by 7.
4
Suppose -4*j - 2 + 20 = -5*k, 2*k = 4*j - 12. Let d = 7 + -15. Calculate the remainder when 32/18 - d/36 is divided by j.
0
Let w be 3 + -2 + -27 + 3. Let z = -5 - w. Calculate the remainder when 70 is divided by z.
16
Suppose -5 = 2*i + 3, -146 = -g + i. What is the remainder when g is divided by 12?
10
Suppose -u - 8 = -43. Let v = 0 + 12. What is the remainder when u is divided by v?
11
Suppose -50 - 1 = 3*j. Let x = -7 - j. Calculate the remainder when 28 is divided by x.
8
Let h be (-10)/15*201/(-2). Let g = h + -11. Calculate the remainder when g is divided by 19.
18
Let n(h) = -2*h**3 + 10*h**2 + 7. Let b = -42 - -74. What is the remainder when b is divided by n(5)?
4
Let d(y) = -5*y**2 + 10. Let s(k) = -9*k**2 - k + 19. Let x(m) = -11*d(m) + 6*s(m). What is the remainder when 19 is divided by x(7)?
8
Let q(s) = s**2 - 8*s - 3. Let o be q(9). Let k = o + -7. Let t = 5 + k. Calculate the remainder when 11 is divided by t.
3
Suppose -81 = -3*n - 5*h, -5*n + 2*h - 13 = -148. What is the remainder when 80 is divided by n?
26
Let m(v) be the second derivative of -v**3/6 + 7*v**2/2 + 7*v. What is the remainder when 19 is divided by m(0)?
5
Suppose -5*k = -2*n + 7, -2*n + 16 = 5*k - 1. Suppose -m = -0*m - n. What is the remainder when m is divided by 2?
0
Let k = 40 + -24. What is the remainder when k is divided by 9?
7
Let v be 2/(((-12)/39)/(-2)). Let p = -3 + v. Calculate the remainder when p is divided by 6.
4
Suppose 14 = 4*t + 3*z - 3, 17 = t + 5*z. Calculate the remainder when -1 - (27/(-3))/3 is divided by t.
0
Let q = 34 + -20. Let k = -39 - -66. Calculate the remainder when k is divided by q.
13
Suppose -2*a - 1 = -5. Suppose -g - 12 = -a*g. What is the remain